pose -2*h + 4*q = -28, h + 5*q = -0*q - 21. Suppose -9 = -2*u + 11. What is the remainder when u is divided by h?
2
Let k = 511 - 251. Calculate the remainder when k is divided by 33.
29
Suppose 25 + 5 = 6*q. What is the remainder when q is divided by 4?
1
What is the remainder when (-2)/9 + 2030/63 is divided by 9?
5
Let f(o) = 2*o**3 - 4*o**2 - 1. Calculate the remainder when f(4) is divided by 33.
30
Suppose 5*l + 1 = 4*l, -l = -3*f + 49. Calculate the remainder when f is divided by 9.
7
Let n(r) = 6*r**3 + 2*r - 1. Let j = 16 + -15. What is the remainder when 18 is divided by n(j)?
4
What is the remainder when 12 is divided by (-4)/(-20) - (-8)/((-40)/(-39))?
4
Let q be 14/(-5) + (-3)/15. Let d be (0 + 2)*q/(-6). Let s(w) = 4*w + 1. Calculate the remainder when 8 is divided by s(d).
3
Let x = -1 - -10. Suppose -x = -2*l + l. Calculate the remainder when 34 is divided by l.
7
Let x(t) = t + 2. Let g be x(0). Suppose -2*j + j - 3*l = -14, -l = g*j - 28. Calculate the remainder when j is divided by 8.
6
Let a(n) = -10*n**3 + n + 4. Calculate the remainder when a(-2) is divided by 28.
26
Let w(i) = -i**3 + 4*i**2 + 2*i - 2. Let p = -17 + 45. Calculate the remainder when w(-3) is divided by p.
27
Suppose 237 + 73 = 5*a. What is the remainder when a is divided by 16?
14
Suppose 5*j + 20 = 0, -5*p + 3 + 5 = -2*j. Calculate the remainder when 21 is divided by -1 + p - -7 - 0.
3
Let k be (9/15)/(1/15). Let x(c) = c**3 - 8*c**2 - 4*c - 7. What is the remainder when x(k) is divided by 10?
8
Let l be (-1 + 0)*-3 + 36. Calculate the remainder when 51 is divided by 2/1*l/6.
12
Let f = -27 + 45. Let i(g) = g**2 + 2*g - 5. Calculate the remainder when f is divided by i(-5).
8
Suppose -24 = -0*g + 3*g. Let z = 16 + g. Suppose 3*v = -4*p + 3, 0 = -v + 2*p + 8 + 3. Calculate the remainder when z is divided by v.
3
Suppose 0 = 3*j + z - 61, 0 = j - 3*j + 5*z + 69. Calculate the remainder when 40 is divided by (-1 - -3)*j/4.
7
Let f(i) = -i**3 + i**2 - 1. Let l be f(0). What is the remainder when 0 + 0 + 12 + 1 is divided by (0 - -6) + (l - 1)?
1
Let q(c) = 56*c**2 - 3*c + 3. Calculate the remainder when q(1) is divided by 19.
18
Let s = 75 - 34. Suppose -66 + 20 = -i + p, -140 = -3*i + p. Suppose -i = -4*u + d + 2, -d = -5*u + 60. What is the remainder when s is divided by u?
8
Let o = -77 + 130. Calculate the remainder when o is divided by 18.
17
Let c(y) = 6*y - 2. Let v(t) = -2*t - 7. Let z be v(-6). Suppose 0 = -z*w - 4*d + 29 + 131, -2*d = -10. Calculate the remainder when w is divided by c(2).
8
Suppose -r + 119 = 5*t, -3*t + r - 5*r + 85 = 0. Let l(m) = -m - 1. Let x be l(-3). Suppose x = k - 10. What is the remainder when t is divided by k?
11
Suppose -49 = 3*d - 109. What is the remainder when 2/9 - (-349)/9 is divided by d?
19
Suppose 2*q = w - 21, 4*q + 4 = -0*q. Calculate the remainder when w is divided by (-52)/(-8) - 1/(-2).
5
Suppose -r = -4*r + 75. Let b = 5 - 1. Suppose -b*h + 65 = h. Calculate the remainder when r is divided by h.
12
Suppose -3*d - 2*d = -105. Suppose a + 22 + 142 = 0. Calculate the remainder when 22 is divided by a/(-14) + 6/d.
10
Suppose 5*z - 228 = -2*t, -4*t + 2*z - 6*z + 444 = 0. Suppose -21 = 4*v - t. What is the remainder when 64 is divided by v?
20
Let i = -23 - -44. Let g = 34 - i. What is the remainder when g is divided by 7?
6
Let t = 28 - 21. What is the remainder when 34 is divided by t?
6
Suppose -4 + 8 = j. Suppose 8*w = 3*w, 20 = 4*n - w. Calculate the remainder when n is divided by j.
1
Let o(t) = 6*t**2. Let w(s) = -s - 5. Let j be w(-6). Calculate the remainder when (-43)/(-4) - (-2)/8 is divided by o(j).
5
Let r(f) = f**3 - 5*f**2 + 5*f. Suppose 0 = 3*k - 13 + 1. Suppose 2*c + k*d - 14 = 0, -c = -4*c - 3*d + 27. What is the remainder when c is divided by r(4)?
3
Calculate the remainder when (3/1 + -27)*-1 is divided by 9.
6
Let c(r) = -2*r**2 + 6*r - 1. Let b be c(3). What is the remainder when 27 is divided by 28*(b + 6/4)?
13
Let c = -52 - -111. Suppose -4*f = -3*f + 38. Let k = c + f. What is the remainder when 40 is divided by k?
19
Let o(g) = g**3 - 9*g**2 + 9*g + 8. Let p(c) = -c + 12. Let d be p(0). What is the remainder when -2*(-3)/(d/94) is divided by o(8)?
15
Suppose 5*w - 3 = f, 0 = -2*f + 2*w + 2. Suppose 5*n + 2*k = n + 40, -20 = -f*n + 5*k. Calculate the remainder when 36 is divided by n.
6
Suppose 4*c - 17 = -3*l - 0, -5*c + 7 = -l. What is the remainder when 13 is divided by l?
1
Let u = -18 + -3. Let g = 42 + u. Calculate the remainder when g is divided by 8.
5
Let w = 63 + -36. Let s = w - 14. Calculate the remainder when 51 is divided by s.
12
Let y = 13 - 11. Let r be 2*(0 + -1) + 6. Let l(t) = t**3 - 4*t**2 - t + 5. What is the remainder when y is divided by l(r)?
0
Let h(f) = -5*f - 13. Calculate the remainder when 63 is divided by h(-7).
19
Suppose d + h = -13 - 2, -2*d + 3*h = 20. Let b = d - -19. Calculate the remainder when 21 is divided by b.
3
Let y = -17 - -42. Suppose -2*f - 3*f - y = 0, -2*d = 5*f + 15. Let j(s) = 3*s + 26. What is the remainder when j(-4) is divided by d?
4
Suppose 4 = -h + 18. Suppose 0 = 2*m + c + 10 + 12, 0 = -m + 5*c - 22. What is the remainder when ((-80)/m)/((-1)/(-6)) is divided by h?
12
What is the remainder when 5 is divided by 0/(-4 - -8) + 2?
1
Calculate the remainder when (-2 - -6)/(8/224) is divided by 23.
20
Let v = 4 + -1. Suppose 0 = 3*m - 4*m + v. Calculate the remainder when 8 is divided by m.
2
Suppose -1 = w + 5. Let v be 6/9 - (-10)/w. Calculate the remainder when v/(120/122 + -1) is divided by 21.
19
Let g = -12 + 23. Calculate the remainder when g is divided by (5 - 4)/(1/6).
5
Let h = -10 - -26. What is the remainder when h is divided by 6?
4
Calculate the remainder when (-25)/(-50) + 306/4 is divided by 16.
13
Suppose 5*t = b - 3, 5*b - 9 = 2*b + 5*t. Let p = 10 - 2. Calculate the remainder when p is divided by b.
2
Suppose -5*k + 194 = -176. Calculate the remainder when k is divided by 39.
35
What is the remainder when 62 is divided by (-3)/(-12) + 189/12?
14
Let p = -3 + -21. Calculate the remainder when 47 is divided by (p/14)/(5/(-35)).
11
Let p = 18 - 11. What is the remainder when 13 is divided by p?
6
Let y(g) = 13*g - 1. What is the remainder when y(3) is divided by 13?
12
Let s = -3 + 1. Let h be 14 + (-2)/(-2 - -3). Calculate the remainder when 37 is divided by h + (s - -3*1).
11
Let m = -5 + 2. Let p be (m/(-6))/((-2)/4). What is the remainder when 3 + p + 1 + 16 is divided by 10?
9
Let y(o) = 2*o**2 + o + 4. Let a be y(3). Suppose 1 = -v - 4*t + a, -5*t = 5. What is the remainder when 54 is divided by v?
26
Suppose o + 2*o = -5*x + 44, -3*x = o - 24. What is the remainder when 33 is divided by x?
5
Let z(k) = k**2 + 4*k + 5. Let n be z(-4). Let h = n + 3. What is the remainder when 15 is divided by h?
7
Calculate the remainder when 50 is divided by (-1 + 4)/((-7)/(-49)).
8
Let p = -37 + 61. What is the remainder when 28 is divided by 2 + 7/(21/p)?
8
Suppose 0*u + u = -2*q + 39, 5*q - 105 = -4*u. Suppose 0 = s - 5*w - 13, -4*s + q = -w - 16. Calculate the remainder when s is divided by 2.
0
Let p(m) = -4*m + 127. Calculate the remainder when p(0) is divided by 19.
13
Let i(r) = r**3 - 2*r**2 - 9*r - 12. What is the remainder when i(5) is divided by 5?
3
Let u = 8 + -9. What is the remainder when 4 is divided by 0 - u - (-5 + 4)?
0
Suppose 2*a + 2 - 46 = 0. Suppose -5*p - 5 = -3*d + 5*d, 5*d = -p + a. Suppose 10 = d*f - 75. What is the remainder when f is divided by 10?
7
Let d(m) = 6*m + 52. Calculate the remainder when d(-7) is divided by 5.
0
Let s(y) = 8*y**2 + 2*y. Calculate the remainder when 55 is divided by s(-2).
27
Let j = -2 - -5. Calculate the remainder when ((-120)/(-75))/((-4)/(-10)) is divided by j.
1
Suppose -3*d - d + 60 = 2*c, -4*d + 2*c = -44. Calculate the remainder when 35 is divided by d.
9
Let b(u) = -u**2 - 3*u + 3. Let g(x) = x**2 + 6*x - 3. Let j be g(-6). Let s be b(j). Suppose -s*l - 15 = -4*l. What is the remainder when l is divided by 8?
7
Let b(q) = -q**3 - 4*q**2 + 6*q - 3. What is the remainder when b(-6) is divided by 17?
16
Let c = 116 - 106. What is the remainder when 31 is divided by c?
1
Let a(n) = -5*n - 17. Let k(t) = -3*t**2 + 5*t + 6. Let v(m) = m**2 + m + 1. Let f(r) = -k(r)